 + -1e17?
-4520
In base 5, what is -122220312 - -2220?
-122213042
In base 7, what is 6624330 - 41?
6624256
In base 13, what is -229b + -5?
-22a3
In base 10, what is 4 - 7726125?
-7726121
In base 14, what is 58a8da - 4?
58a8d6
In base 12, what is -2 - -3b41b3b9?
3b41b3b7
In base 3, what is 21012101120210 - -220?
21012101121200
In base 16, what is c + -80c4?
-80b8
In base 9, what is 80318 - -85?
80414
In base 10, what is 3 + -20881100?
-20881097
In base 16, what is -3177 + 3452?
2db
In base 8, what is 301066 + 4427?
305515
In base 12, what is -219236 - 3?
-219239
In base 8, what is -4065227 + -4?
-4065233
In base 8, what is 144 + -10676562?
-10676416
In base 12, what is -8a8a390 + 5?
-8a8a387
In base 2, what is 11101110101001011001001 - 100110?
11101110101001010100011
In base 2, what is 1000001111 + 111011000000110001?
111011001001000000
In base 16, what is -cc5 + 2bfa8?
2b2e3
In base 11, what is -25176 - 512?
-25688
In base 9, what is -10601 - 103021?
-113622
In base 5, what is 3 + 13412302224?
13412302232
In base 3, what is 11021202120 - -110211?
11022020101
In base 4, what is 21233 - 112302322?
-112221023
In base 2, what is -1101100100010 + -1001110?
-1101101110000
In base 3, what is 22202010 + 1012100?
100221110
In base 3, what is 101210022211 - -101020?
101210201001
In base 11, what is a - -1247826?
1247835
In base 8, what is 1161626 - 372?
1161234
In base 14, what is -329c57 - -6?
-329c51
In base 9, what is -572782171 - -4?
-572782166
In base 12, what is 1437008 + -102?
1436b06
In base 7, what is -6354 + 311111?
301424
In base 3, what is 112111211 - -11121200?
201010111
In base 10, what is -705919 - -13?
-705906
In base 4, what is -2 + -12301222222?
-12301222230
In base 10, what is -136 + -1499?
-1635
In base 16, what is -19dc + 372?
-166a
In base 3, what is 211010101211101 + 20?
211010101211121
In base 10, what is 1235601326 + -2?
1235601324
In base 11, what is -5897 + -818?
-6604
In base 9, what is -264 + 1610212?
1608837
In base 6, what is -2132155132 - -15?
-2132155113
In base 4, what is 323230 - 20130331?
-13201101
In base 8, what is -34136 - 50?
-34206
In base 11, what is 322911 - 13?
3228a9
In base 6, what is 1 + 1133225512?
1133225513
In base 2, what is -1100000 - 100100000010111010?
-100100000100011010
In base 15, what is -33d4cb + 61?
-33d46a
In base 8, what is -1656540010 - -3?
-1656540005
In base 6, what is 101353 + -2345?
55004
In base 16, what is -142ee4 - 16b?
-14304f
In base 4, what is -130132021122 - 11?
-130132021133
In base 7, what is 2452225 - 1152?
2451043
In base 11, what is 5 + -27947658?
-27947653
In base 16, what is -5874 - 16f?
-59e3
In base 10, what is 4102952 - -6?
4102958
In base 11, what is 18582 + -25aa?
15a83
In base 2, what is 100101 - 100000011000110110101111?
-100000011000110110001010
In base 7, what is 11 - -1152301424?
1152301435
In base 13, what is -1 - 6c5988a?
-6c5988b
In base 5, what is 2 - -242314131211?
242314131213
In base 16, what is 31f6bc8 - -3?
31f6bcb
In base 16, what is 1aff89a - -38?
1aff8d2
In base 13, what is -c + -2b9bb7?
-2b9bc6
In base 13, what is 43 - 1c3c4?
-1c381
In base 16, what is 7bfce + 1?
7bfcf
In base 9, what is 2 - -1084424?
1084426
In base 16, what is 9244af - -3?
9244b2
In base 5, what is -13201023 - 130?
-13201203
In base 14, what is -10cc7d - 6?
-10cc85
In base 2, what is 10010100111101100101 - 1010?
10010100111101011011
In base 11, what is 0 + 4888490?
4888490
In base 13, what is 15 - 50506?
-504c1
In base 4, what is -1230 - 110013313010?
-110013320300
In base 15, what is 6db - -bd7?
13c3
In base 10, what is -13064 + 999?
-12065
In base 4, what is 11133 + -2222330?
-2211131
In base 10, what is -20266 + 5612?
-14654
In base 8, what is 756 - -503731?
504707
In base 15, what is -2c46 + -13372?
-160b8
In base 14, what is -a - dac432?
-dac43c
In base 11, what is 4 - -1626088?
1626091
In base 6, what is 4 + 23152413203?
23152413211
In base 16, what is -4e63 + 7c73?
2e10
In base 7, what is -620 - 250022?
-250642
In base 2, what is -100 + -111111101000010010011?
-111111101000010010111
In base 11, what is -3706 + 49167?
45561
In base 13, what is 5503b + 62?
550a0
In base 6, what is 12221035115 - 0?
12221035115
In base 13, what is 1673 - -1192?
2835
In base 16, what is 3 + -b2fe6?
-b2fe3
In base 7, what is 542 - 6066533?
-6065661
In base 16, what is 199896 + -154?
199742
In base 6, what is -1 + -102534051?
-102534052
In base 10, what is -36 - -34941?
34905
In base 15, what is -3866 - 76b?
-40d2
In base 11, what is 2652261 + -4?
2652258
In base 14, what is -3b520 + 31?
-3b4cd
In base 14, what is -210bad16 + 4?
-210bad12
In base 7, what is -410101253 + 21?
-410101232
In base 3, what is 0 - -22112011222011?
22112011222011
In base 7, what is -3 + -65340521?
-65340524
In base 13, what is -c86 + -1628?
-25b1
In base 8, what is 715 + 446536?
447453
In base 13, what is 7bc8 + 58?
7c53
In base 9, what is 5152861 + 4?
5152865
In base 14, what is -21 - -2b996?
2b975
In base 9, what is -55 - -50770050?
50768884
In base 7, what is -601 - 130661?
-131562
In base 5, what is 324341003 + 12?
324341020
In base 14, what is -10a - -11c075?
11bd69
In base 13, what is -3591b - 5?
-35923
In base 10, what is 18471008 + 1?
18471009
In base 11, what is -2aa840 + 26a?
-2aa581
In base 2, what is -1111101001000000100 + 100?
-1111101001000000000
In base 4, what is 11201323 + -1323221?
3212102
In base 11, what is -1708 - -2976?
1269
In base 9, what is 4114745 - -1?
4114746
In base 15, what is 36 - 81e27?
-81de1
In base 13, what is -15c1 + -cc56?
-11547
In base 14, what is -4 - -4063c10b?
4063c107
In base 6, what is 5 + 203450341?
203450350
In base 16, what is 31a3 + -80?
3123
In base 8, what is -536 + 2376?
1640
In base 15, what is ce3a8d + -9?
ce3a84
In base 14, what is 1d00 - -35a?
225a
In base 11, what is 4 - 13359245?
-13359241
In base 11, what is -8 + 4620a3?
462096
In base 16, what is -138755 + 10?
-138745
In base 14, what is -6797d72 + -4?
-6797d76
In base 9, what is -6005882 - 3?
-6005885
In base 16, what is -3 - b33e?
-b341
In base 13, what is -17b0 - 2186?
-3966
In base 8, what is -65 - 100674?
-100761
In base 15, what is -15 + -6e7a02?
-6e7a17
In base 16, what is 5 + -4fa8484?
-4fa847f
In base 11, what is 1aaa3226 - 1?
1aaa3225
In base 9, what is -4 - 3047516?
-3047521
In base 11, what is 22 + -4828000?
-4827a89
In base 13, what is -99716 - 8ba?
-9a303
In base 16, what is -2 + 6ff367a?
6ff3678
In base 14, what is 5 + 922b57?
922b5c
In base 13, what is -45793c + -10?
-45794c
In base 16, what is 46 + -28456?
-28410
In base 9, what is -1 - 15417744?
-15417745
In base 5, what is 11342 + 321034012?
321100404
In base 2, what is -1 + 101011011101111110110110?
101011011101111110110101
In base 5, what is -434 + 14204?
13220
In base 15, what is 42 + -c531?
-c4de
In base 10, what is -2 - -1350049?
1350047
In base 13, what is 22 + -1156896?
-1156874
In base 8, what is -262356 - -4624?
-255532
In base 8, what is 72 - 1036773?
-1036701
In base 5, what is -201103011 + 102?
-201102404
In base 11, what is -285455 + 435?
-285020
In base 13, what is -1a4c433 + 5?
-1a4c42b
In base 3, what is 120222212101001 - 0?
120222212101001
In base 5, what is 20334124421 + -11?
20334124410
In base 6, what is -14154210 - 15?
-14154225
In base 13, what is -738a5c + -5?
-738a64
In base 16, what is -545d38 - 6?
-545d3e
In base 3, what is -2 - -22020110022111?
22020110022102
In base 10, what is 76 - -207156?
207232
In base 5, what is 0 - -102030010423?
102030010423
In base 15, what is -4068a3 + -2?
-4068a5
In base 8, what is -3 + -107220472?
-107220475
In base 10, what is -1 - -26919219?
26919218
In base 10, what is 2 - 113969422?
-113969420
In base 14, what is 3 + -224a183?
-224a180
In base 6, what is 45400333 - -5?
45400342
In base 11, what is -a51 + -1747?
-2698
In base 2, what is 1001100000 + 1100100000111?
1101101100111
In base 14, what is 645bc01 + 3?
645bc04
In base 13, what is -42 - 5788?
-57ca
In base 14, what is 205a - 916?
1544
In base 5, what is 31142 + -1420004?
-1333312
In base 2, what is 101101011110101000 + 1111010100?
101101101101111100
In base 2, what is 1110111100 + -10000111100101?
-1111000101001
In base 12, what is a1331 - 428?
a0b05
In base 13, what is -895 + -2ca98?
-30660
In base 8, what is 36050376 - 4?
360